mmon factor of 20 and 470?
10
Calculate the highest common divisor of 340 and 6630.
170
Calculate the highest common divisor of 228 and 152.
76
Calculate the greatest common factor of 945 and 42.
21
What is the highest common factor of 369 and 414?
9
Calculate the highest common divisor of 1160 and 80.
40
Calculate the greatest common factor of 59 and 7.
1
Calculate the highest common factor of 133 and 1064.
133
What is the greatest common factor of 3174 and 598?
46
Calculate the highest common factor of 3641 and 11.
11
Calculate the highest common divisor of 175 and 25.
25
What is the greatest common divisor of 33 and 15807?
33
What is the greatest common divisor of 1053 and 243?
81
Calculate the highest common factor of 48 and 48.
48
What is the highest common factor of 1776 and 333?
111
What is the greatest common divisor of 51 and 23970?
51
Calculate the greatest common divisor of 5146 and 83.
83
What is the greatest common factor of 72 and 900?
36
What is the greatest common factor of 3045 and 63?
21
What is the greatest common divisor of 230 and 20?
10
What is the greatest common divisor of 2043 and 9?
9
Calculate the highest common factor of 1698 and 12.
6
What is the greatest common factor of 350 and 1778?
14
Calculate the highest common factor of 9 and 207.
9
What is the greatest common divisor of 63 and 49?
7
Calculate the highest common factor of 26 and 403.
13
What is the greatest common factor of 48 and 4496?
16
What is the greatest common divisor of 70 and 2065?
35
What is the highest common factor of 540 and 72?
36
What is the greatest common factor of 995 and 40?
5
Calculate the greatest common factor of 185 and 75.
5
What is the highest common divisor of 3479 and 213?
71
What is the highest common divisor of 4023 and 149?
149
What is the greatest common factor of 621 and 27?
27
Calculate the highest common factor of 576 and 256.
64
Calculate the greatest common factor of 176 and 3564.
44
What is the highest common divisor of 36 and 3708?
36
Calculate the highest common factor of 330 and 30.
30
Calculate the highest common divisor of 9 and 234.
9
Calculate the greatest common divisor of 3938 and 88.
22
What is the highest common factor of 117 and 27?
9
Calculate the greatest common divisor of 78 and 21723.
39
What is the greatest common factor of 39 and 24?
3
What is the greatest common factor of 66 and 102?
6
Calculate the greatest common factor of 98 and 3234.
98
What is the highest common factor of 50 and 1350?
50
What is the highest common factor of 19 and 855?
19
What is the greatest common divisor of 210 and 129990?
210
Calculate the highest common divisor of 36 and 38484.
36
Calculate the greatest common divisor of 525 and 21.
21
Calculate the highest common divisor of 12 and 1098.
6
Calculate the greatest common divisor of 3180 and 300.
60
Calculate the highest common factor of 18728 and 8.
8
What is the highest common divisor of 406 and 518?
14
Calculate the highest common divisor of 279 and 9.
9
What is the highest common factor of 168 and 7833?
21
What is the greatest common divisor of 420 and 45?
15
What is the greatest common divisor of 11 and 1?
1
Calculate the greatest common divisor of 16384 and 4.
4
Calculate the greatest common factor of 936 and 3510.
234
Calculate the greatest common divisor of 70850 and 100.
50
What is the greatest common factor of 592 and 222?
74
What is the highest common factor of 29 and 7?
1
What is the highest common factor of 1092 and 70?
14
Calculate the greatest common divisor of 276 and 2388.
12
What is the highest common factor of 714 and 306?
102
What is the greatest common divisor of 708 and 276?
12
Calculate the greatest common divisor of 11790 and 36.
18
Calculate the greatest common factor of 198 and 330.
66
What is the highest common factor of 20 and 9640?
20
Calculate the highest common divisor of 13 and 832.
13
Calculate the highest common factor of 6 and 843.
3
Calculate the greatest common divisor of 79 and 5.
1
Calculate the greatest common divisor of 152 and 532.
76
Calculate the greatest common factor of 57196 and 316.
316
What is the greatest common factor of 29 and 14848?
29
What is the highest common factor of 40781 and 13?
13
What is the highest common factor of 18 and 306?
18
What is the highest common divisor of 4 and 146?
2
What is the greatest common factor of 104 and 5?
1
What is the highest common divisor of 252 and 4116?
84
Calculate the greatest common factor of 364 and 1508.
52
What is the greatest common factor of 511 and 803?
73
Calculate the greatest common divisor of 248 and 152.
8
Calculate the highest common divisor of 8214 and 296.
74
What is the greatest common divisor of 4369 and 514?
257
What is the highest common factor of 65 and 13?
13
What is the highest common divisor of 1107 and 287?
41
What is the greatest common factor of 70 and 1150?
10
Calculate the highest common factor of 31 and 3751.
31
Calculate the greatest common factor of 18 and 846.
18
Calculate the highest common factor of 143 and 1859.
143
Calculate the greatest common factor of 27 and 54.
27
Calculate the highest common factor of 23 and 2921.
23
Calculate the greatest common divisor of 66 and 348.
6
Calculate the highest common divisor of 70 and 1078.
14
What is the highest common factor of 84 and 14154?
42
Calculate the greatest common factor of 33 and 21.
3
Calculate the greatest common factor of 267 and 15.
3
Calculate the greatest common factor of 1794 and 52.
26
Calculate the highest common divisor of 2279 and 53.
53
Calculate the highest common divisor of 20 and 36.
4
Calculate the highest common divisor of 207 and 2358.
9
What is the highest common divisor of 72 and 1284?
12
What is the greatest common factor of 418 and 88?
22
Calculate the highest common divisor of 247 and 19.
19
What is the greatest common divisor of 43 and 1505?
43
Calculate the highest common divisor of 165 and 88.
11
Calculate the highest common divisor of 144 and 60.
12
Calculate the highest common divisor of 858 and 65.
13
What is the highest common divisor of 8 and 472?
8
Calculate the greatest common divisor of 114 and 494.
38
Calculate the highest common divisor of 1770 and 177.
177
Calculate the greatest common divisor of 143 and 4994.
11
What is the highest common divisor of 15138 and 58?
58
Calculate the greatest common divisor of 59 and 4189.
59
What is the highest common divisor of 2560 and 64?
64
Calculate the greatest common divisor of 1116 and 36.
36
What is the highest common factor of 2544 and 48?
48
Calculate the greatest common divisor of 2 and 23.
1
What is the greatest common divisor of 23004 and 216?
108
What is the greatest common factor of 156 and 884?
52
What is the highest common factor of 87 and 1537?
29
What is the highest common divisor of 304 and 19?
19
Calculate the greatest common factor of 36 and 3384.
36
What is the highest common divisor of 24 and 48?
24
What is the greatest common divisor of 128 and 832?
64
Calculate the greatest common factor of 95 and 15.
5
What is the greatest common factor of 126 and 945?
63
Calculate the greatest common factor of 248 and 11222.
62
Calculate the greatest common factor of 465 and 2685.
15
What is the highest common divisor of 4 and 292?
4
What is the greatest common factor of 2646 and 196?
98
Calculate the highest common factor of 39771 and 81.
81
What is the highest common factor of 33 and 77?
11
What is the greatest common divisor of 2742 and 12?
6
Calculate the highest common factor of 94 and 1128.
94
What is the greatest common factor of 2457 and 182?
91
Calculate the highest common factor of 15 and 100.
5
Calculate the highest common factor of 1118 and 26.
26
What is the greatest common divisor of 3 and 327?
3
What is the greatest common factor of 8 and 392?
8
What is the highest common factor of 234 and 12?
6
Calculate the highest common factor of 18 and 261.
9
Calculate the highest common factor of 24400 and 16.
16
Calculate the greatest common divisor of 3234 and 6.
6
What is the greatest common divisor of 49 and 182?
7
What is the greatest common factor of 1344 and 372?
12
Calculate the greatest common divisor of 108 and 684.
36
Calculate the greatest common factor of 4800 and 60.
60
Calculate the greatest common d